 Suppose 2*q - 305 = -n*o - 100, 5*o - 175 = 4*q. What are the prime factors of o?
3, 13
Let f(d) = -d**3 - 6*d**2 + 8*d + 16. What are the prime factors of f(-10)?
2, 3, 7
Let r(t) = 26*t**3 - t**2 - 9*t + 1. What are the prime factors of r(3)?
23, 29
Suppose 0 = 2*o - 5*k - 212, 4*o - k + 92 = 5*o. Suppose -4*j + 20 = 0, 5*b - 5*j = 911 - o. What are the prime factors of b?
2, 3, 7
What are the prime factors of (0 - (-6)/(-9)) + 2000/3?
2, 3, 37
Let c = -13 + 24. Suppose 2*x - 186 = y, -c = -5*y - 1. List the prime factors of x.
2, 47
Let l be (-4)/14 - 111/(-21). Suppose -o - 376 = -l*o. Suppose -5*m = -3*m - o. List the prime factors of m.
47
Suppose 17 = 4*s + 41. Let c(i) = -18*i - 21. List the prime factors of c(s).
3, 29
Suppose -52*u + 57*u - 2*g = 1792, 2*g = -4*u + 1430. List the prime factors of u.
2, 179
Let u(o) = 2*o - 11. Let s(c) = -c + 5. Let a(j) = -5*s(j) - 2*u(j). Suppose -3*d - 3*f + 33 = -0, 13 = -d + 5*f. What are the prime factors of a(d)?
2
Let a be (-2)/7 + 2256/56. Suppose -5*p + a = -2*z, 0 = -2*p + z + 8 + 7. What are the prime factors of ((-8)/10)/((-4)/p)?
2
Suppose -4*g + 5*w + 44 = 0, 0*g + 4*g - 44 = 4*w. Suppose -g*o + 527 = -1101. List the prime factors of o.
2, 37
Let k be (-1)/4 + 189/(-28). Let h be (k/3)/(8/24). Let b(n) = -n**3 - 6*n**2 + 6*n + 7. List the prime factors of b(h).
2, 7
Let j(h) = -h**3 + 21*h**2 + 11*h - 27. What are the prime factors of j(21)?
2, 3, 17
Let f = -22 + 6. Let b = f - -28. List the prime factors of (7/4)/(3/b).
7
Let w(d) = -2*d - 1. Let c be w(-1). Let u = c + 18. What are the prime factors of u?
19
Suppose -2*u - 3*y - 28 = -214, 380 = 4*u + 4*y. Let g = u + -94. List the prime factors of g.
5
Suppose 0 = 5*q - 2*u + 31, -3*q - 2 = -u + 17. Let x(h) = 8*h**2 + 29*h - 16. List the prime factors of x(q).
173
Let h(b) = -b**3 + 18*b**2 - 7. List the prime factors of h(16).
5, 101
Let u be 4/(1 + 0) - 1/(-1). List the prime factors of 2 - 0*u/(-25).
2
Let t be (-1)/((-723)/360 - -2). Suppose 8*y - t = 3*y. List the prime factors of y.
2, 3
Suppose -2*i + 0*w = w - 957, -2405 = -5*i - 5*w. List the prime factors of i.
2, 7, 17
Let y(h) = -h**3 + 4. Let w be y(0). Let c(g) = 3*g - 2 + 10 + w*g**2 - 11. What are the prime factors of c(2)?
19
Suppose 8 = 3*s - t, t + 2*t = -s + 6. Suppose -s*c + 38 + 61 = 0. List the prime factors of c.
3, 11
Suppose 0 = -2*m + 5*k - k + 20, -4*m + k + 12 = 0. Suppose 3*y - 174 = -0*y - 2*c, -m*y + 111 = 3*c. What are the prime factors of y?
2, 3, 5
Suppose -70 + 220 = 6*t. Suppose 4*f - t = 27. Let u = 28 - f. List the prime factors of u.
3, 5
Suppose -3*p = 3*w - 2610, -14*p = -11*p + 2*w - 2609. List the prime factors of p.
11, 79
Suppose 4*o - 14 = 2, 0 = -4*h - o + 16. List the prime factors of (-3 - (h + -6)) + 48.
2, 3
Let c(j) = j**3 + 13*j**2 - 4*j. Let n = -17 - -4. What are the prime factors of c(n)?
2, 13
Suppose 23462 - 5939 = 9*y. What are the prime factors of y?
3, 11, 59
Suppose -13 = -3*y + 5. What are the prime factors of (21/y)/(6/12)?
7
Suppose -2*i = -0*i + 4*r - 8, -2*i = 5*r - 9. Suppose 31 - 89 = -2*s. List the prime factors of (0 + i + 0)*s.
2, 29
Suppose -2 = -5*m - 17, -m + 55 = -g. Let z be (-1)/(-3) + 201/(-9). Let x = z - g. List the prime factors of x.
2, 3
Let q(f) = f**2 + 2*f + 4. Let z be q(0). Suppose -z*l + 2*v = -16, -9 = -3*l + 2*v + v. Suppose -2*c = -l*c + 63. List the prime factors of c.
3, 7
Suppose -34567 = 1541*d - 1554*d. What are the prime factors of d?
2659
Let w = -57 + 141. Suppose 2*r = -3*s + 40, -2*r = 2*r + 5*s - w. Let j = r + -9. What are the prime factors of j?
17
Let o(w) = w**2 - 5*w + 11. List the prime factors of o(2).
5
Let h(s) = 11*s + 3. Let d be h(-4). Let m = 62 + d. List the prime factors of m.
3, 7
Let h(n) = n**3 - 11*n**2 + 12*n - 14. Let y be h(10). What are the prime factors of (y/4)/(7/210)?
3, 5
Suppose 2*m + 40 = -2*j, -4*m - 81 = -0*j + 5*j. Let t be 2/(-6) + (-80)/3. Let a = m - t. What are the prime factors of a?
2
Suppose 0*l - 2 = 4*q - 2*l, -2*q - 5*l = -17. What are the prime factors of (-10 + -228)/(2/(-3 + q))?
2, 7, 17
Let w(k) = k**3 + 17*k**2 - 14*k - 25. What are the prime factors of w(-12)?
863
Let z = 171 + 240. List the prime factors of z.
3, 137
Let z = -5482 - -9482. List the prime factors of z.
2, 5
Suppose 9*b - 276 - 948 = 0. List the prime factors of (b/4)/(2/5).
5, 17
Let m(l) = -4*l - 15. Let s(n) = -n - 26. Let v be s(-21). What are the prime factors of m(v)?
5
Suppose -4*j + 10 = -2*j. Suppose 11 = 3*x - j*p - 6, -5 = 5*p. Suppose -5*m + 44 = -x*m. List the prime factors of m.
2, 11
Suppose 9532 = 30*q - 12098. What are the prime factors of q?
7, 103
Let k be 1/(-2)*(2 - 2). Suppose 2*l = -k + 4. Let g(u) = u**3 + 2*u**2 + u. What are the prime factors of g(l)?
2, 3
Let f(j) = 4*j**2 + 24*j + 153. List the prime factors of f(-32).
59
Let i be (14 - 3)*(-4)/(-4). Suppose 10*u = i*u - 2. Suppose -2*f + u*d + 224 = 2*f, -f + 46 = 2*d. What are the prime factors of f?
2, 3
Let g be -5 + 3 - (2 + -11). Let d be (-1)/g + 12/84. Suppose -14*y + 15*y - 60 = d. List the prime factors of y.
2, 3, 5
Suppose -7*q + 50 = 3*q. Suppose q*w + w = 762. What are the prime factors of w?
127
Let o be 14 + (-3 - -6)/3. Suppose -20*v - o = -25*v. List the prime factors of 75/3 + v + -2.
2, 13
Suppose -4*l = -4*k + 4, 4*k = k + 4*l - 2. Suppose 0 = -k*d + d + 115. What are the prime factors of d?
23
Let o(j) = 7*j - 9. Let n(r) = 8*r - 8. Let u(a) = -4*n(a) + 5*o(a). What are the prime factors of u(8)?
11
Let c(v) = -v**3 - 2*v**2 - v + 298. Let d be c(0). Let t = -134 + d. List the prime factors of t.
2, 41
Suppose -35 = 4*k - 7*k + 5*q, q + 4 = 0. Suppose 2*n - k*c + 3*c = 560, -c - 5 = 0. What are the prime factors of n?
5, 11
Suppose 23 = 8*l - 57. What are the prime factors of (-6)/(-4) + (1825/l - 7)?
3, 59
Suppose 69 = -2*c + r, 3*c - 3*r + 2*r + 103 = 0. Let y = -3 + -23. Let a = y - c. List the prime factors of a.
2
Suppose -5*k + 2 - 17 = 0. Let c be 4 - ((6 - 1) + k). Suppose -y - c*z = -38, 3*y - 4*z = 7*y - 144. What are the prime factors of y?
2, 17
Let u(m) = -m**3 - 7*m**2 + 5*m - 19. Let g be u(-8). Suppose -g*z + 113 = -67. What are the prime factors of z?
2, 3
Let l = -17 - -19. Suppose 2*w + 3*b - 20 = w, l*b - 20 = -2*w. List the prime factors of w.
5
Suppose -7*t = -10*t - 156. Let z = t - -105. List the prime factors of z.
53
Suppose 144 = 2*k - 76. List the prime factors of k.
2, 5, 11
Suppose 0 = -2*f - 2*p + 9 + 1, -4*p - 30 = -f. What are the prime factors of ((-4)/2)/(f/(-500))?
2, 5
What are the prime factors of ((-49)/(-7) - 527)*-3?
2, 3, 5, 13
Suppose 63*a + 44*a - 511139 = 0. List the prime factors of a.
17, 281
Let k be 3/(12/(-8)) + 3. Let g(l) be the third derivative of 29*l**6/120 - l**5/30 + l**4/12 - l**3/6 + 2*l**2. What are the prime factors of g(k)?
2, 7
Suppose 0 = 2*f - 4*f + 8. Suppose -p - 11 = 2*l - 348, f*p = -4*l + 684. List the prime factors of l.
2, 83
Suppose 0 = -8*p - 2423 + 14263. List the prime factors of p.
2, 5, 37
Let c be -4 + (30/5 - 2). Suppose -a + 101 - 20 = c. List the prime factors of a.
3
Let s(p) be the first derivative of 3*p**3 - 3*p**2 - 9*p - 10. List the prime factors of s(-3).
2, 3, 5
Let s = -2501 + 4587. List the prime factors of s.
2, 7, 149
Let g = 629 - -34. List the prime factors of g.
3, 13, 17
Let q(x) = -x**3 - 9*x**2 - 7*x + 10. Let b be q(-8). Suppose -7*c + b*c + 1010 = 0. List the prime factors of c.
2, 101
Let a = -32 + 35. Suppose -a*q + 39 = -45. List the prime factors of q.
2, 7
Let x be 3 - (-2)/(4/194). Let p = x - 55. What are the prime factors of p?
3, 5
Suppose -120 = -4*m - m. Suppose -4 + m = -v. What are the prime factors of (-6)/4 + (-1250)/v?
61
Let u = 344 + -200. Let n = u - -18. List the prime factors of n.
2, 3
Let s(i) = i**2 + 4*i - 11. Let j be s(-13). Suppose -q + 5*f = -3*q + 127, 2*q - 2*f = j. Suppose -7*k = -3*k - q. List the prime factors of k.
2, 7
Suppose -2055 = -4*t + 5*v, -4*t + 4*v - 5*v + 2037 = 0. List the prime factors of t.
2, 3, 5, 17
Let z(s) = s**3 - 7*s**2 + 7*s + 2. List the prime factors of z(7).
3, 17
Let g(n) = 3*n**2 + n + 7. Let v be g(-8). Suppose 0 = -4*z - s - 4*s + 221, 0 = -4*z + s + v. List the prime factors of z.
7
Suppose 32